{"id":98,"date":"2009-02-21T10:31:38","date_gmt":"2009-02-21T15:31:38","guid":{"rendered":"http:\/\/blogue.uqam.ca\/mbanouvelles\/?page_id=98"},"modified":"2009-02-21T10:31:38","modified_gmt":"2009-02-21T15:31:38","slug":"reseau-ou-network","status":"publish","type":"page","link":"https:\/\/blogue.uqam.ca\/mbanouvelles\/reseau-ou-network\/","title":{"rendered":"R\u00e9seau"},"content":{"rendered":"<p class=\"entry\"><!--[if gte mso 9]&gt;  Normal 0   21   false false false  FR-CA X-NONE X-NONE              MicrosoftInternetExplorer4              &lt;![endif]--><!--[if gte mso 9]&gt;  Normal 0   21   false false false  FR-CA X-NONE X-NONE              MicrosoftInternetExplorer4              &lt;![endif]--> <!--[if gte mso 9]&gt;                                                                                                                                            &lt;![endif]--><!--[if gte mso 9]&gt;  Normal 0   21   false false false  FR-CA X-NONE X-NONE              MicrosoftInternetExplorer4              &lt;![endif]--><!--[if gte mso 9]&gt;                                                                                                                                            &lt;![endif]--><\/p>\n<p class=\"MsoNormal\"><span>Dans cette section, nous aimerions vous offrir, \u00e0 titre d&rsquo;\u00e9tudiant(e), de dipl\u00f4m\u00e9(e) ou de candidat(e) du programme de MBA pour cadres de l&rsquo;\u00c9cole des sciences de la gestion de l&rsquo;UQAM (ESG UQAM), la possibilit\u00e9 de\u00a0 b\u00e9n\u00e9ficier du r\u00e9seau international du programme, qui est offert sur quatre continents\u00a0 (voir <\/span><span lang=\"ES-CO\"><a href=\"http:\/\/mba.esg.uqam.ca\/international\/index_en.php\"><span lang=\"FR-CA\">http:\/\/mba.esg.uqam.ca\/international\/index_en.php<\/span><\/a><\/span><span>).<\/span><\/p>\n<p><span><!--more-->Vous pouvez \u00e9tablir des liens avec les professeurs, avec l&rsquo;Association des \u00e9tudiant(e)s du MBA de l&rsquo;ESG UQAM\u00a0 (<a href=\"..\/..\/mbaassociation\/\">http:\/\/blogue.uqam.ca\/mbaassociation\/<\/a>), avec d&rsquo;autres coll\u00e8gues du programme \u00e0 travers le monde, ou encore demander le soutien des institutions partenaires du MBA\u00a0 afin d&rsquo;\u00e9tablir des liens d&rsquo;amiti\u00e9 et de coop\u00e9ration qui vont contribuer \u00e0\u00a0 g\u00e9n\u00e9rer plus de valeur ajout\u00e9e. <\/span><\/p>\n<p><span>Ainsi, c&rsquo;est \u00e0 vous de fortifier et d&rsquo;enrichir le r\u00e9seau du MBA de l&rsquo;ESG UQAM qui a \u00e9t\u00e9 con\u00e7u pour vous et par vous !<\/span><\/p>\n<div class=\"sociable\">\n<ul>\n<li><a title=\"Facebook\" rel=\"nofollow\" href=\"http:\/\/www.facebook.com\/share.php?u=http%3A%2F%2Fblogue.uqam.ca%2Fmbanoticias%2Fred%2F&amp;t=Red%20o%20network\"><img class=\"sociable-hovers\" src=\"..\/..\/mbanoticias\/wp-content\/plugins\/sociable\/images\/facebook.png\" alt=\"Facebook\" \/><\/a><\/li>\n<li><a title=\"del.icio.us\" rel=\"nofollow\" href=\"http:\/\/del.icio.us\/post?url=http%3A%2F%2Fblogue.uqam.ca%2Fmbanoticias%2Fred%2F&amp;title=Red%20o%20network\"><img class=\"sociable-hovers\" src=\"..\/..\/mbanoticias\/wp-content\/plugins\/sociable\/images\/delicious.png\" alt=\"del.icio.us\" \/><\/a><\/li>\n<li><a title=\"Digg\" rel=\"nofollow\" href=\"http:\/\/digg.com\/submit?phase=2&amp;url=http%3A%2F%2Fblogue.uqam.ca%2Fmbanoticias%2Fred%2F&amp;title=Red%20o%20network\"><img class=\"sociable-hovers\" src=\"..\/..\/mbanoticias\/wp-content\/plugins\/sociable\/images\/digg.png\" alt=\"Digg\" \/><\/a><\/li>\n<li><a title=\"Google\" rel=\"nofollow\" href=\"http:\/\/www.google.com\/bookmarks\/mark?op=edit&amp;bkmk=http%3A%2F%2Fblogue.uqam.ca%2Fmbanoticias%2Fred%2F&amp;title=Red%20o%20network\"><img class=\"sociable-hovers\" src=\"..\/..\/mbanoticias\/wp-content\/plugins\/sociable\/images\/googlebookmark.png\" alt=\"Google\" \/><\/a><\/li>\n<li><a title=\"LinkedIn\" rel=\"nofollow\" href=\"http:\/\/www.linkedin.com\/shareArticle?mini=true&amp;url=http%3A%2F%2Fblogue.uqam.ca%2Fmbanoticias%2Fred%2F&amp;title=Red%20o%20network&amp;source=Noticias+del+MBA+Un+blog+utilisant+Blogues+institutionnles+de+l%5C%5C%5C%5C%5C%5C%5C%27UQAM&amp;summary=En%20esta%20secci%C3%B3n%20queremos%20ofrecerle%20a%20usted%20como%20estudiante%20o%20como%20graduado%20del%20programa%20de%20MBA%20de%20la%20Escuela%20de%20ciencias%20de%20la%20gesti%C3%B3n%20de%20la%20UQAM%2C%20ESG%20UQAM%2C%20la%20posibilidad%20de%20beneficiarse%20del%20hecho%20de%20formar%20parte%20de%20la%20red%20o%20network%20internacional%20\"><img class=\"sociable-hovers\" src=\"..\/..\/mbanoticias\/wp-content\/plugins\/sociable\/images\/linkedin.png\" alt=\"LinkedIn\" \/><\/a><\/li>\n<\/ul>\n<\/div>\n","protected":false},"excerpt":{"rendered":"<p>Dans cette section, nous aimerions vous offrir, \u00e0 titre d&rsquo;\u00e9tudiant(e), de dipl\u00f4m\u00e9(e) ou de candidat(e) du programme de MBA pour cadres de l&rsquo;\u00c9cole des sciences de la gestion de l&rsquo;UQAM (ESG UQAM), la possibilit\u00e9 de\u00a0 b\u00e9n\u00e9ficier du r\u00e9seau international du programme, qui est offert sur quatre continents\u00a0 (voir http:\/\/mba.esg.uqam.ca\/international\/index_en.php).<\/p>\n","protected":false},"author":11,"featured_media":0,"parent":0,"menu_order":0,"comment_status":"open","ping_status":"open","template":"","meta":[],"_links":{"self":[{"href":"https:\/\/blogue.uqam.ca\/mbanouvelles\/wp-json\/wp\/v2\/pages\/98"}],"collection":[{"href":"https:\/\/blogue.uqam.ca\/mbanouvelles\/wp-json\/wp\/v2\/pages"}],"about":[{"href":"https:\/\/blogue.uqam.ca\/mbanouvelles\/wp-json\/wp\/v2\/types\/page"}],"author":[{"embeddable":true,"href":"https:\/\/blogue.uqam.ca\/mbanouvelles\/wp-json\/wp\/v2\/users\/11"}],"replies":[{"embeddable":true,"href":"https:\/\/blogue.uqam.ca\/mbanouvelles\/wp-json\/wp\/v2\/comments?post=98"}],"version-history":[{"count":0,"href":"https:\/\/blogue.uqam.ca\/mbanouvelles\/wp-json\/wp\/v2\/pages\/98\/revisions"}],"wp:attachment":[{"href":"https:\/\/blogue.uqam.ca\/mbanouvelles\/wp-json\/wp\/v2\/media?parent=98"}],"curies":[{"name":"wp","href":"https:\/\/api.w.org\/{rel}","templated":true}]}}